+ z*r. Determine l(-6).
-8
Suppose -5*c - 7 = 3*q - 1, 4*c = -12. Let m be ((-10)/2 - q)/2. Let b(y) = -4*y - 6. Determine b(m).
10
Let s(t) = t**2 - 5*t + 3. Let g = 31 - 21. Suppose -k - 2 = c - 11, 2*k - g = 0. What is s(c)?
-1
Suppose -490 = -3*t - 5*d, -5*d = -3*t + t + 360. Let y = -175 + t. Let m(v) = v**3 + 7*v**2 + 5*v - 4. Give m(y).
21
Let q = -144 - -148. Let w(s) = -s**2 + 3*s + 5. Calculate w(q).
1
Let k(b) be the first derivative of -b + 17 + 1/2*b**2. Let z = -9 - -3. Give k(z).
-7
Suppose 0*t - 3*t - 12 = 0. Let g(r) = -505 - r**3 + 10*r**2 - 6*r**2 + 1019 + 2*r**3 - 513. Give g(t).
1
Let j(o) be the second derivative of -11*o**3/6 - 9*o**2/2 - 157*o + 1. Give j(-2).
13
Let m(q) = -q**2 + 4*q - 2. Suppose -3*i + i = -14. Let g(p) = 1 - 2 + 0 - 3 + p. Let r be g(i). Calculate m(r).
1
Let z(w) = 2*w**2 - 4*w + 2. Let m = -120 + 168. Let s = m - 44. Give z(s).
18
Let s(h) = -5 - 9 + 8 + 15 - 2*h. Give s(8).
-7
Let z = 23 + -28. Let g be (-14 + 4)/z - -3. Let h(q) = q - 6. Calculate h(g).
-1
Let t(l) = -7*l**3 - 14*l**2 + 4*l + 18. Let z = 4 + 1. Let r(q) = 11*q**3 + 21*q**2 - 6*q - 27. Let p(c) = z*r(c) + 8*t(c). What is p(-7)?
-5
Let p(c) be the second derivative of c**4/12 + c**3/6 - 5*c**2/2 + 117*c. Let r be 2/(-3) - 10/3. Give p(r).
7
Let k(n) = 4 - 740504*n**2 + 740505*n**2 - 7*n + n. What is k(3)?
-5
Let v be 77/22 + -2*1/(-4). Let g(h) = 2*h**3 - 7 - 4*h**2 - 7*h**3 + 4*h + v*h**3. Give g(-5).
-2
Let t(c) = 3*c - 5. Let w(o) = -21*o - 111. Let p be w(-5). What is t(p)?
-23
Let d = -4 + -4. Let o(j) = -j**2 - 2*j. Let f(c) = 3*c**2 - c - 4. Let r(i) = -f(i) - 4*o(i). Calculate r(d).
-4
Suppose -5*v = k, 0 = -0*v + 3*v. Suppose 5 = t - k. Suppose -t*c = -19 - 1. Let l(f) = f**3 - 3*f**2 - 6*f + 2. What is l(c)?
-6
Let i = -6 - -8. Let k(o) = -o**2 - o + 4. Let u(w) = -5*w**2 - 3*w + 17. Let s(r) = -r + 9. Let z be s(0). Let d(c) = z*k(c) - 2*u(c). What is d(i)?
0
Suppose -2*f - 231 = j, 0*j = -f + j - 117. Let n = 107 + f. Let m(p) = -p - 15. Determine m(n).
-6
Let g(v) = 25*v**3 + 9*v**2 - 3*v - 4. Let k(r) = 12*r**3 + 4*r**2 - r - 2. Let x(p) = -2*g(p) + 5*k(p). Determine x(1).
11
Let v(d) = d**2 + 18*d. Let q(i) = -i**2 - 15*i - 1. Let f(t) = 3*q(t) + 2*v(t). Calculate f(-7).
11
Suppose -4 = -l - 5*q, -5*l = -2*l + 4*q - 23. Suppose 4*n - l = 5*n. Let v(p) = p**3 + 10*p**2 + 9*p + 2. Give v(n).
2
Suppose -2*v - 9*v - 88 = 0. Let k(d) = -d**2 - 5*d. Let n(r) = 3*r**2 + 14*r - 1. Let g(c) = v*k(c) - 3*n(c). Give g(-4).
-5
Let p = 1280 - 1275. Let l(n) be the third derivative of n**2 + 1/24*n**4 + 0 + 0*n - 4/3*n**3. Calculate l(p).
-3
Let j = -66 - -69. Let c(x) = -j - 3*x - 6*x + x**2 + 10*x. What is c(-3)?
3
Let h(l) = 2*l**3 - l**2 + l + 14. Let q(b) = 2. Let y(o) = h(o) - 6*q(o). Give y(0).
2
Let i = -267 - -267. Let b(j) = j + 26. Calculate b(i).
26
Let a(s) be the second derivative of s**4/12 + 2*s**3 + 6*s**2 - 31*s. Give a(-9).
-15
Let k(q) = q**3 + 7*q**2 + 9*q - 6. Suppose 96*o = 2*d + 91*o, 3*o + 26 = -4*d. Calculate k(d).
-1
Let g(u) = -u**2 + 3*u - 4. Let j be g(2). Let f(t) = -5*t - 3. What is f(j)?
7
Let m(u) = 2*u - 5. Suppose 2*l = -0 - 16. Let p be (l/20)/1*20. Let q = p + 12. Calculate m(q).
3
Let p(w) = -w**3 - w**2 + w. Let n(z) = -2*z**3 - 11*z**2 + 9*z - 7. Let y(r) = n(r) - 3*p(r). Give y(8).
41
Let y(n) = -2*n**3 + n**2 + 3*n - 1. Let c(b) = b**3 - 7*b**2 + 7*b - 9. Let z = 20 + -14. Let f be c(z). Let l = 5 + f. Give y(l).
-7
Let z(r) = r**3 + 3*r**2 - 3*r - 5. Let s = -215 + 212. Give z(s).
4
Let z(k) = 23*k + 20*k + 28*k - 87*k. Determine z(2).
-32
Suppose 3*d = 2*g + 51, 0 = 2*d + 3*d - 2*g - 81. Suppose -10*h + d*h = 0. Let t(k) = k**2 + k - 5. What is t(h)?
-5
Let q(c) = c**3 - 8*c**2 + 5*c + 10. Suppose -9*t = -91 + 28. What is q(t)?
-4
Let b = -876 - -878. Let w(l) be the second derivative of 2/3*l**3 - 7*l + 0*l**b + 0 + 1/6*l**4. Calculate w(-3).
6
Let i(k) = -31*k + 97*k + 3 - 29*k + 5 - 34*k. What is i(-5)?
-7
Suppose -l + 0*l + 5 = 2*q, -8 = -q + 5*l. Suppose q*z - 11 = -2*j + 4*j, 0 = 3*z - 4*j - 1. Let r(h) = 0*h - 6 - h**2 + z*h + 0. Determine r(5).
4
Let h be (6/21)/(((-12)/(-42))/(-2)). Let v(d) = -3*d + 3. Let b be v(h). Let c(g) = g**3 - 10*g**2 + 7*g + 5. Calculate c(b).
-13
Let d(r) = r + 10. Suppose g + 9 + 0 = -3*n, -25 = 4*g + n. Determine d(g).
4
Let n(x) = -4*x**2 + x + 2. Let r(v) = -3*v**2 - v - 1. Let i(l) = -6*l**2 - 3*l - 3. Let p(h) = 2*i(h) - 5*r(h). Let o(w) = -4*n(w) - 5*p(w). What is o(4)?
17
Let z(l) be the third derivative of l**5/60 + 3*l**4/8 - 11*l**3/3 + 8*l**2 - 17*l. What is z(-11)?
0
Suppose -13 = -5*z + 4*o, -6*z - o = -4*z. Let j be -7 + 0 - (-3)/z. Let v(s) be the first derivative of -s**4/4 - s**3 + 5*s**2/2 - 2*s + 8. Give v(j).
-6
Let c(m) = 36*m + 160. Let y(s) = -17*s - 74. Let a(u) = 6*c(u) + 13*y(u). What is a(3)?
-17
Let b(d) = 3*d + 56. Let h(n) = -2*n + 18. Let u be h(7). Let g(c) = c + 19. Let m(k) = u*b(k) - 11*g(k). What is m(0)?
15
Let s(a) = 3*a - 10. Let w be -1 + (1 - -1) + 3. Let m be s(w). Let h(p) = 4*p**2 - 3*p. Calculate h(m).
10
Let u(z) = z**3 + 3*z**2 + 2*z + 1. Let a(l) = -6*l + 137. Let h be a(23). Determine u(h).
1
Suppose -4*k = v + 19, -v + 4*k + 3 = -10. Let b(p) = 29*p**2 - p - 3. Let o(s) = -30*s**2 + s + 4. Let a(g) = v*b(g) - 2*o(g). Give a(-1).
-27
Let t(h) be the first derivative of 1/3*h**4 + 4 - h - 1/20*h**5 + 3/2*h**2 - 2/3*h**3. Let k(q) be the first derivative of t(q). Determine k(2).
3
Suppose -k - 8 = -3*w, 2*w + 7*k = 3*k - 4. Let g(h) = 5*h**2 - 2*h - 9. Let b(j) = -9*j**2 + 3*j + 17. Let c(u) = -6*b(u) - 11*g(u). Give c(w).
1
Let m(b) be the second derivative of -b**4/12 - 4*b**3/3 - 11*b**2/2 + 62*b - 1. What is m(-10)?
-31
Let p(j) = -j**3 + 6*j**2 + 9*j - 2. Let x(t) = 22*t**2 - t. Let h be x(1). Suppose 2*r - h = -r. Give p(r).
12
Suppose -68 = -4*w - 80. Let l be (30/(-12))/(w/(-6)). Let u(b) = b - 1. Give u(l).
-6
Suppose g + 2 = -3*t + 1, 4*g - 4*t - 12 = 0. Suppose -2*i = -n + 1, -1 = 2*i + g*n + 3. Let f(v) = -4*v**3 + 2*v + 1. What is f(i)?
3
Let c(u) = -8*u + 2. Let i be c(-2). Let y(k) = -19*k - k**2 + 4 - i*k + 41*k. Give y(5).
-1
Let z be (-3)/((-6)/(-4))*10/(-4). Let k(h) = h**2 - 7*h + 4. Calculate k(z).
-6
Let d(n) = -3*n - 4 - 3*n**3 + 5*n**2 + 1 + 3 + n**3 + 2. What is d(3)?
-16
Let c(a) = -5*a + 8. Suppose -110 = -7*r - 96. Calculate c(r).
-2
Suppose 4*g - 36 = -0*l - 3*l, -3*g - 2*l = -26. Suppose 0 = g*b - b - 4*b. Let r(m) = m**3 - m**2 - m - 5. Give r(b).
-5
Let u = 42 - 41. Suppose 3*n - 3*p - 15 = 0, -n - u = 2*p - p. Let l(g) = -10*g + 1. Give l(n).
-19
Let i(g) = -2*g + 8. Let d(c) = -2*c + 7. Let o(f) = -4*d(f) + 3*i(f). Suppose -36 = -25*w + 28*w. Let z = w + 18. Give o(z).
8
Suppose -p - 3*q = 18, -2*p + 6 + 3 = -3*q. Let s(y) be the third derivative of -1/24*y**4 - 1/30*y**5 - 1/120*y**6 - 2/3*y**3 - 12*y**2 + 0*y + 0. Give s(p).
8
Let p be 8*15/280*7. Let k(w) = -w**3 + 5*w**2 + w - 2. Calculate k(p).
19
Suppose 1 + 11 = 4*b. Let m(g) = 1 + 4*g + 4 - 5 + g**3 + 6*g**2 - 11*g**2. Determine m(b).
-6
Let w(g) = -4237*g + 4241*g - 1 - 1 - 18. What is w(5)?
0
Suppose -2 = -d + 2*d + f, 4*f + 4 = 0. Let h be (1/3)/(9/54). Let l(n) = 44*n**2 - 86*n**2 + 1 + 46*n**h + 2*n. Calculate l(d).
3
Let q(c) = c**2 + 9*c + 5. Suppose -2*w + 3 = 17. Calculate q(w).
-9
Let k(h) = -2*h + 9*h**2 - 12*h**2 - 5*h**2 + 7*h**2 + 5. Calculate k(-3).
2
Let c(f) = -6*f**2 + 13*f - 10. Let u(a) = -5*a**2 + 12*a - 10. Let i(v) = -6*c(v) + 7*u(v). Give i(-8).
6
Let g be 1 + 43 - (-3 - -2). Suppose -5*o - g = 5*q - 3*o, 2*q = 2*o - 4. Let y(w) = 6*w + 0*w**2 + 4*w**2 - 10 - 3*w**2 + 1. What is y(q)?
-2
Let i(o) = o**2 - 6*o. Suppose -7*j = 11 - 60. Give i(j).
7
Suppose 0 = -2*c + 4*n - 12, -5*c = -3*n - 8 + 3. Let a(z) be the first derivative of z**2 - 7 + 3*z - 1/3*z**3. What is a(c)?
-5
Let x(g) = 9*g**2 + 7*g - 5. Let u(j) = -5*j**2 - 3*j + 3. Let d be (-6)/21 + (-47)/7. Let p(n) = d*u(n) - 4*x(n). Calculate p(-6).
5
Let z = -890 - -888. Let d(q) = -6*q + 2. Give d(z).
14
Let w(u) = u + 2. Let o be (42/9)/((-2)/(-3)). Let s be ((-10)/8)/(o/(-28)). Suppose -s*k + 2*y + 10 = 37, 3*y + 47 = -5*k. Give w(k).
-5
Let a(m) = -2*m**3 + 134*m - 67*m - 2*m**2 - 70*m. Give a(-2).
14
Suppose 70*i = 65*i - 